 the greatest common factor of 18 and h.
6
Let k be (-1752402)/(-84) - -6 - (-3)/42. Calculate the highest common factor of 376 and k.
188
Suppose -197*m + 32473 - 1139 + 7672 = 0. Suppose -2*l + 0 = -4*k + 10, 13 = 3*k + 4*l. Let o = k + 6. What is the greatest common divisor of o and m?
9
Let i be 4/(-3) - 2/(-6) - -29. Suppose b = 2*o + i + 17, 5*o = 5*b - 225. What is the highest common factor of 36 and b?
9
Let d be (-12)/(-36) - (-5)/3. Suppose 4*b + b - 5*k + 480 = 0, b - d*k + 93 = 0. Let i = -87 - b. Calculate the highest common factor of 12 and i.
12
Suppose 3*i = 8*i - 235. Let p(t) = -i*t - 123*t - 12 + 13. Let y be p(-1). What is the highest common factor of 19 and y?
19
Suppose -4*q = 7 + 5, -u = -2*q + 11. Let g = -5 - u. Suppose 0 = 5*h - 28 - g. Calculate the highest common divisor of h and 20.
4
Let b be (-3 - (-3540)/18)/(3 + 156/(-54)). Calculate the highest common divisor of b and 42.
21
Let k = 21 + -43. Let t = -11 - k. Suppose -y = -18 - 15. What is the greatest common divisor of t and y?
11
Suppose 55*t = 54*t - 43*t + 7964. What is the greatest common divisor of 12851 and t?
181
Let m = -83 + 89. Let s(k) = -3*k**3 - 2*k**2 - 5*k - 4. Let w be s(-1). Let d be (m*w/(-16))/((-4)/64). Calculate the highest common divisor of 3 and d.
3
Let y = -5208 + 27432. Calculate the greatest common factor of 48 and y.
48
Suppose 37680 = 44*m - 9956 + 14372. What is the highest common factor of 168 and m?
84
Suppose -1363*k = -1353*k + 104 - 364. What is the greatest common divisor of k and 1027?
13
Suppose 3*f + 14 = 2. Let r be f/(-7)*(-70)/(-4). Suppose 0 = -2*y - 5*c + 49, -3*c + 17 = y - r. Calculate the highest common factor of y and 108.
12
Let b(p) = p**3 + 7*p**2 - 20*p + 12. Let s(i) = 2*i**3 + 15*i**2 - 7*i - 1. Let k be s(-8). Let z be b(k). What is the greatest common factor of 66 and z?
6
Let z be (-76015)/(-575) - (-1)/(-5). What is the highest common factor of z and 330?
66
Suppose 2 = 2*j + 8. Let l be (2/j)/(1/6). Let o(p) = p**3 + 3*p**2 - 5*p + 1. Let i be o(l). What is the greatest common factor of 40 and i?
5
Let w(c) = 6*c**2 - 14*c + 24. Let q be w(12). Suppose 10*b = b + q. What is the greatest common factor of 4 and b?
4
Suppose -4*h + 79 = -61. Suppose 0 = -4*o + 20, 4*t - 5*t = 5*o - 2467. Let w be 0 + t/10 - (-40)/50. What is the greatest common factor of h and w?
35
Let n = 2358 + -1828. What is the highest common factor of 30 and n?
10
Let m(c) = 79*c + 5150. Let r be m(89). What is the highest common divisor of r and 65?
13
Let n(s) = s**3 + 23*s**2 - 10*s - 41. Let k be n(-16). Let c be k/105 + (-1)/5. What is the highest common divisor of c and 45?
9
Suppose -4*f + 90 = 3*w, 5*w - 233 + 83 = -2*f. What is the highest common factor of 3390 and w?
30
Let s(w) = -w**3 - 5*w**2 + 2. Let n be s(-2). Let g be (-4)/4 - (4 + n). Let p be 20/((-2)/(-4)*4). Calculate the greatest common divisor of p and g.
5
Suppose 5*k = 0, -14*y + 6391 = -11*y + 4*y + 4*k. What is the highest common factor of y and 11?
11
Let t = -314 - -315. Suppose -8*z + t = -3*a - 4*z, 0 = -a + z. What is the highest common divisor of 16 and a?
1
Let j = 57 + -38. Suppose 0 = 5*y - 26 - j. Let v be (-54)/((-1071)/(-459)*1/(14/(-4))). What is the greatest common factor of y and v?
9
Suppose 1320 = -28*h + 72*h. Let j be 205/3 - 10/h. What is the highest common divisor of j and 8?
4
Suppose -29 - 103 = -33*d. Suppose -2015 = -d*l + w, -5 = -w - 4. Calculate the greatest common factor of 63 and l.
63
Let o(a) = a**2 + 10*a - 34. Let h be o(-13). Let y be 1177/5 + 2/(-5). What is the highest common factor of y and h?
5
Let s(w) = -17*w - 12*w + 44 - 114 + 6*w - 2*w. Let q be s(-6). Calculate the highest common divisor of 400 and q.
80
Suppose -876 = -3*o + 4*g, -4*o + g + 1143 = 4*g. Let f = o + -260. What is the highest common divisor of f and 16?
4
Let d = 5805 + -5746. What is the highest common divisor of 4543 and d?
59
Suppose 20933 = -10*u + 21143. Suppose 20 = -5*l + 920. Let x = l + 9. What is the highest common divisor of x and u?
21
Let v be 30 + (-16 + 14 - -1*1). Let q(p) = -p**3 + 29*p**2 + 42*p + 66. Let d be q(v). What is the greatest common divisor of d and 12?
12
Suppose 9*t - 11542 = -41*t - 1392. Calculate the greatest common factor of 667 and t.
29
Let t be (-22)/(-4) - (34/4 + -9). Suppose t*k - 849 = 87. What is the greatest common divisor of 39 and k?
39
Let g = 4 + 10. Let w(x) = -6*x**3 - 42*x**2 - 104*x - 38. Let c be w(-5). What is the greatest common divisor of c and g?
14
Suppose 28 = h + 4*t, -9*h + 2*t = -10*h + 22. Let v(r) = 17*r + 4. Let z be v(4). Suppose -10*l + z = -7*l. Calculate the greatest common divisor of l and h.
8
Suppose -13*r + 46 = -357. Let z = -28 + r. Suppose -z*f = -4*f + 8. Calculate the highest common divisor of 72 and f.
8
Suppose x - 5*r + 13 = 585, -x = -3*r - 582. Calculate the greatest common divisor of 5771 and x.
199
Suppose a - 1439 = -2*y, -y = -2*a - 498 - 234. What is the greatest common divisor of y and 38?
38
Let b be (61/(-6))/(9/(-324)). What is the highest common factor of b and 5673?
183
Suppose 319*z - 265*z - 162 = 0. Suppose m + 19 - 24 = 0. What is the greatest common divisor of m and z?
1
Let w(d) = d**3 - 5*d**2 - 3*d + 14. Let p(h) = -h**2 + 16*h - 49. Let c be p(5). Let v be w(c). What is the highest common divisor of v and 176?
16
Let x = -182 - -203. Suppose -x*u + 201 = -51. What is the highest common divisor of u and 8?
4
Let k be (-248)/7 + (-1)/42*-18. Suppose -109 = -d - d - 5*m, 2*d - 4*m - 82 = 0. Let i = k + d. Calculate the greatest common divisor of i and 36.
12
Let p be 6/(-9) - (-3 + 1300/12). Let w be (3 + p/10)*-5. Suppose -4*s = -8*s + 76. What is the greatest common factor of s and w?
19
Let m(z) = z + 1. Let l(n) = -16. Let b(x) = -l(x) - 6*m(x). Let t be b(-5). What is the highest common divisor of t and 24?
8
Suppose 6*p - 9*p - 990 = -5*b + 2*p, 0 = -p. What is the greatest common factor of b and 1122?
66
Let i = 250 - 2. Let h(f) = f**3 - 8*f**2 - 14*f + 39. Let o be h(9). Let g be 3/o*62*-1. Calculate the greatest common divisor of g and i.
31
Let m = 606 + 10. Suppose 22*h - 26*h = -3*k - 212, -h + 5*k = -36. Calculate the greatest common divisor of m and h.
56
Let g(y) = -37*y**2 + 3*y - 4. Let w be g(2). Let j = 152 + w. Calculate the greatest common divisor of 9 and j.
3
Let s(b) = 8*b**2 - 923*b + 40. Let z be s(116). Calculate the highest common factor of 20 and z.
20
Let a(q) = -32*q**3 - 100*q**2 - 36*q - 46. Let l be a(-3). Suppose 2*t = 89 + 847. Calculate the highest common factor of l and t.
26
Suppose -2*s - 4*y = 0, -5*y + 6 - 1 = 5*s. Let x be 1629/44 - (-3847)/(-169268). Calculate the greatest common divisor of x and s.
1
Suppose -241*x + 68066 + 53009 = -216*x. What is the greatest common divisor of 2171 and x?
167
Suppose -14224 - 6479 + 3591 = -23*p. What is the greatest common divisor of p and 408?
24
Let r = -4267 + 4301. Let w = -15 + 66. Calculate the greatest common divisor of w and r.
17
Let u(n) = 5*n - 151. Let s be u(30). Let j be (3 + s)/(-5 - (-636)/126). What is the greatest common factor of 70 and j?
14
Suppose -7*i = 5*l - 2*i - 60, 3*l - i - 20 = 0. Suppose 3*o - l*o = -115. Let s = 36 - -33. What is the highest common divisor of o and s?
23
Suppose 22 = s - 4. Suppose 12*b - 458 = -s. What is the highest common divisor of 18 and b?
18
Let g(a) = -6*a + 41. Let o be g(6). Let d be o/(5/2)*84/8. Calculate the greatest common factor of d and 42.
21
Suppose -7*l = -3*l - 516 - 756. Calculate the greatest common factor of 4 and l.
2
Let h be 2*136 + (2 - 2). Let o(f) = -f + 33. Let m be o(-2). Let k = 69 - m. What is the greatest common divisor of h and k?
34
Suppose 0 = 13*f - 12*f + 186. Let r be (f/(-4))/(6/8). Suppose -74 + r = -2*o. Calculate the highest common divisor of o and 18.
6
Let x(n) = 3*n**2 - 112*n - 193. Let p be x(54). Calculate the greatest common factor of p and 69.
23
Suppose 124*c - 806 - 777 - 1641 = 0. Let i be 2/8 - 14/(-8). Suppose 0 = 2*u + i*u - 1144. Calculate the highest common factor of c and u.
26
Suppose q - 1 - 31 = 5*a, 5*q + a = 56. What is the greatest common factor of 6492 and q?
12
Let r be -7 - (336/196 + (-2)/(-7)). Let g be (-2348)/(-8) - (r/2)/3. Calculate the gre